7 composite?
False
Is 899490107 a composite number?
False
Is 3504094493 a prime number?
False
Is 287718239713 a prime number?
False
Is 47745893237 a prime number?
False
Is 2447852377 a prime number?
False
Is 825597137 a prime number?
True
Is 8982046267 prime?
True
Is 5724543541 prime?
False
Is 6683692577 composite?
True
Is 1660902049 prime?
True
Is 1085520047 prime?
True
Is 143245671661 prime?
True
Is 1811755331 a composite number?
True
Is 114874797327 prime?
False
Is 2425799611 a prime number?
True
Is 265356737 a composite number?
True
Is 9313832009 a prime number?
False
Is 6491179679 a composite number?
False
Is 72198378761 a prime number?
True
Is 498206123 prime?
True
Is 76871282597 composite?
False
Is 3610108729 composite?
True
Is 424148563 prime?
True
Is 49967784271 composite?
False
Is 171926621573 prime?
False
Is 890111987 composite?
False
Is 1903961671 prime?
False
Is 3002406887 composite?
False
Is 1188880841 composite?
True
Is 4535540851 a prime number?
True
Is 417500549 prime?
True
Is 27089668213 prime?
True
Is 3950354579 composite?
False
Is 96283591 a composite number?
False
Is 6163881287 prime?
True
Is 255402751 a composite number?
False
Is 181049948927 prime?
True
Is 11722049 a prime number?
True
Is 184076773 composite?
False
Is 218575065659 composite?
True
Is 152598401317 a composite number?
True
Is 4783592071 composite?
True
Is 30022687207 composite?
False
Is 1715310577 prime?
True
Is 42523738877 a composite number?
False
Is 812407777 a composite number?
False
Is 5354241257 a prime number?
False
Is 720681257 composite?
True
Is 222364421 prime?
False
Is 10610281 composite?
True
Is 6239953873 composite?
True
Is 70215049 a composite number?
True
Is 8001898171 a prime number?
False
Is 136347848821 a composite number?
False
Is 103894486741 prime?
True
Is 1199418439 a prime number?
True
Is 34200616733 composite?
True
Is 1135123139 a composite number?
True
Is 1789604174 composite?
True
Is 6971897909 prime?
False
Is 3086408009 a composite number?
False
Is 404116891 prime?
False
Is 8305367869 a prime number?
True
Is 36233389627 prime?
True
Is 10363280441 a composite number?
True
Is 776714387 composite?
False
Is 59074956767 prime?
False
Is 530123 a prime number?
False
Is 11614758019 composite?
False
Is 49045443553 composite?
False
Is 83371941767 composite?
True
Is 35856463759 prime?
True
Is 13693632851 prime?
True
Is 9433796833 composite?
False
Is 3842559803 composite?
True
Is 6631943 prime?
False
Is 613013249 prime?
False
Is 13496551043 a composite number?
False
Is 605210366 prime?
False
Is 310094479 a prime number?
False
Is 108304044455 composite?
True
Is 2162711393 a composite number?
False
Is 729559231 composite?
True
Is 535319999 prime?
False
Is 878287049 prime?
True
Is 982509427 composite?
True
Is 27976946639 prime?
False
Is 323845259 prime?
False
Is 52286934151 a prime number?
True
Is 888065678 prime?
False
Is 953585747 prime?
True
Is 27971800907 composite?
False
Is 456223507 composite?
True
Is 330923981 a composite number?
False
Is 109722652601 a prime number?
True
Is 487118509 prime?
True
Is 2551281839 a prime number?
True
Is 1903839967 a composite number?
True
Is 2103196903 a prime number?
True
Is 439253273 prime?
False
Is 2111428163 a composite number?
True
Is 6384330299 composite?
True
Is 1301898359 a composite number?
False
Is 2899473613 prime?
True
Is 4059591511 composite?
False
Is 48097502551 a composite number?
True
Is 12692190031 composite?
True
Is 355218011 a prime number?
True
Is 3453017357 prime?
True
Is 1671576223 a prime number?
True
Is 1725172741 composite?
True
Is 881477053 a composite number?
False
Is 2776923277 a prime number?
False
Is 287182661 a prime number?
True
Is 26659870747 composite?
True
Is 68277323 prime?
False
Is 8729919757 a prime number?
False
Is 18927290933 composite?
True
Is 851726521 composite?
False
Is 208207031 a prime number?
True
Is 2994924301 composite?
True
Is 304690171901 composite?
True
Is 2246164657 a composite number?
True
Is 32576681771 a composite number?
False
Is 1329179141 composite?
True
Is 2489364763 a composite number?
False
Is 25349038291 a prime number?
False
Is 1055421629 prime?
False
Is 43761739409 prime?
False
Is 1376844301 a prime number?
False
Is 1335052657 composite?
True
Is 3535445362 a prime number?
False
Is 120578202163 a composite number?
False
Is 29720387 a composite number?
True
Is 5037037877 composite?
False
Is 92279014673 a prime number?
False
Is 1140494543 a prime number?
False
Is 1664167927 a prime number?
False
Is 11438513923 prime?
True
Is 222398117 a prime number?
True
Is 10548250759 prime?
True
Is 54964126883 composite?
False
Is 32697584131 a composite number?
False
Is 2920633799 a prime number?
True
Is 61668507349 composite?
False
Is 562336057 composite?
True
Is 104601133547 composite?
False
Is 96413063 prime?
True
Is 28276523437 a composite number?
True
Is 28490201711 a prime number?
True
Is 1855227631 composite?
False
Is 876610433 a composite number?
False
Is 804365069 a prime number?
True
Is 2934509309 a composite number?
True
Is 981795247 a composite number?
False
Is 2180516599 composite?
False
Is 6533055731 a prime number?
True
Is 730126907 prime?
True
Is 438098513 a composite number?
True
Is 1027800659 a composite number?
True
Is 14737026959 prime?
False
Is 5246740823 composite?
True
Is 163996759 prime?
True
Is 118433471 a prime number?
False
Is 23597190197 a prime number?
False
Is 2233126207 composite?
True
Is 2145982697 composite?
False
Is 3172981979 prime?
True
Is 533727409 a composite number?
True
Is 1095534469 prime?
False
Is 6612642433 a prime number?
True
Is 3010407527 a prime number?
True
Is 4258819 a prime number?
True
Is 1217279491 prime?
True
Is 283047571 a prime number?
True
Is 447528421 composite?
False
Is 4167245273 prime?
True
Is 913298567 a composite number?
False
Is 12097771099 composite?
True
Is 4084247473 composite?
True
Is 6275894799 composite?
True
Is 3870158827 a prime number?
True
Is 112159457 a composite number?
True
Is 220151501879 a prime number?
True
Is 18166777 a composite number?
True
Is 36442897 prime?
True
Is 500967119 prime?
True
Is 2697648539 a composite number?
False
Is 4133443693 composite?
False
Is 154872073 a prime number?
True
Is 228055781 composite?
False
Is 5100637387 a composite number?
True
Is 21891391 a prime number?
True
Is 5919059959 prime?
False
Is 1021924031 a prime number?
False
Is 3161071 composite?
False
Is 1768655359 a composite number?
False
Is 36646438211 composite?
True
Is 2635445677 prime?
False
Is 6663056383 a composite number?
True
Is 925766291 a prime number?
True
Is 199937369 a prime number?
True
Is 122670882631 a prime number?
False
Is 7778814707 composite?
False
Is 4122698639 prime?
False
Is 99098269 composite?
False
Is 31626267037 a prime number?
False
Is 15791570029 a prime number?
True
Is 730489622 a prime number?
False
Is 2820115943 prime?
False
Is 47950241 a composite number?
False
Is 15844601869 a composite number?
True
Is 1669118293 composite?
True
Is 1402260773 a composite number?
True
Is 9788210017 a prime number?
True
Is 185143926071 a prime number?
False
Is 4465653229 a prime number?
False
Is 704067839 a composite number?
True
Is 822136037 prime?
False
Is 1845188573 a prime number?
False
Is 5020033823 a composite number?
True
Is 796556053 composite?
True
Is 10589833 a prime number?
False
Is 3099240517 prime?
False
Is 28095885479 a prime number?
True
Is 22971966851 a prime number?
True
Is 5401780337 prime?
True
Is 1328517527 a prime number?
True
Is 93823563167 a prime number?
True
Is 1049669921 a composite number?
True
Is 850545257 composite?
True
Is 46304495571 prime?
False
Is 20995176617 composite?
True
Is 278032061 a prime number?
True
Is 6948133505 a composite number?
True
Is 25095642487 composite?
False
Is 24541208843 a composite number?
False
Is 103207313867 a composite number?
True
Is 5169744707 prime?
False
Is 611659241 a prime number?
True
Is 1111971901 composite?
False
Is 75713709611 composite?
False
Is 17726631911 a prime number?
True
Is 550996673 a composite number?
True
Is 494576671 composite?
True
Is 854599409 prime?
True
Is 3252126797 a composite number?
False
Is 5844585101 a prime number?
True
Is 1582533151 a prime number?
True
Is 348524749 composite?
False
Is 13